et f be (11/33*4)/((-2)/(-15)). Let h = -227 - -337. What is the highest common divisor of f and h?
10
Let q(s) = 4*s**3 - 45*s**2 + 50*s + 52. Let l be q(10). Let x(p) = -p**2 + 39. Let a be x(0). What is the highest common factor of l and a?
13
Suppose -2*d = 4*h + 16 - 60, -5*h + 3*d = -33. Let o(j) = j**2 + 2*j + 3. Let q be o(4). Let r be 3/((2/2)/q). What is the greatest common divisor of h and r?
9
Let v be 0 + 60/(0 + 6). What is the greatest common divisor of v and 160?
10
Let n be ((-12)/(-5))/(216036/12000 + -18). Calculate the greatest common divisor of 50 and n.
50
Let n = 48 - -37. Let b = 173 - n. What is the greatest common factor of 22 and b?
22
Suppose 10*c = 260 + 1720. What is the highest common divisor of c and 22?
22
Let z(c) = -c**3 + 5*c**2 + 13*c - 24. Let i be z(6). Suppose 9*o - i*o = -45. Calculate the greatest common divisor of o and 55.
5
Suppose -3*d + 7*d = 36. Suppose -2*b = 4*g - 11 - d, -4*b - g = -19. What is the highest common factor of b and 44?
4
Let z be (0/5 - -5) + 208. Suppose 10*g - z = -53. What is the highest common divisor of 1 and g?
1
Let a be ((-96)/(-28) + -2)*7. Suppose -a = -j - j. What is the greatest common factor of j and 25?
5
Suppose -314*h + 326*h - 780 = 0. Calculate the highest common factor of 416 and h.
13
Suppose 5*k - 7 = 3*c, 0 = -3*k - 0*c - 5*c + 11. Suppose k*s = s - 4. Let m be (s/6)/((-14)/693). Calculate the highest common divisor of 11 and m.
11
Let r(j) = -j**3 + 6*j**2 + 8*j - 3. Suppose 5*z = -16 + 51. Let i be r(z). Calculate the highest common factor of i and 10.
2
Let i = -76 + 102. Calculate the greatest common factor of i and 286.
26
Let x = 108 + -94. Let o = 27 - 13. Calculate the highest common divisor of o and x.
14
Let d be (560/(-462) - (-18)/33)*-9. Suppose 5*o + 116 = 4*z, o + 40 + 12 = 2*z. Calculate the greatest common factor of z and d.
6
Let d(u) = u**2 - 22*u + 12. Let h be d(28). What is the greatest common divisor of h and 15?
15
Suppose 3 + 5 = 2*b + 2*h, 0 = 3*b - 3*h - 18. Suppose 20 = -b*i - 0*i, -m = -3*i - 31. What is the greatest common factor of m and 171?
19
Let p(k) = -2*k - 22. Let j be p(-11). Suppose 4*q - 73 - 119 = j. Calculate the highest common factor of q and 32.
16
Suppose 0 = 5*q - 3*g - 24, 5*g = 5*q - 8 - 12. Suppose 0 = -3*m - 3*v + 135, -87 = -3*m - 4*v + 51. Calculate the highest common divisor of q and m.
6
Let o(q) = -4*q**2 + 72*q + 168. Let k be o(20). Suppose -5*j + 32 = -4*j. Calculate the highest common divisor of k and j.
8
Let h be (24/2)/(-1 - 7/(-4)). Suppose 268 = 4*u - 2*u + 4*g, g = -5. Calculate the greatest common divisor of u and h.
16
Let f(d) = 17*d - 7. Let u be f(6). Suppose -2*p + u = -l, 4*l - 25 = -p - 0*p. Calculate the highest common factor of p and 5.
5
Suppose -3*j + 2*v = -9 - 27, -5*v + 24 = 2*j. Let h = -9 + j. Suppose 2*o - 55 = -h*o. Calculate the highest common factor of 99 and o.
11
Suppose -4*y - 124 = -m, -5*m + 4*y + 404 = -2*m. What is the highest common factor of 380 and m?
20
Let s be 4*(3 - (-129)/12). Suppose -2*n + 772 = -0*t - 2*t, -3*n + t = -1156. What is the greatest common factor of s and n?
55
Let q = -2410 - -3572. What is the highest common factor of q and 14?
14
Let j be 48/32 - 31/(-2). Let i = j - -18. Suppose -i = -10*g + 3*g. What is the greatest common factor of 10 and g?
5
Suppose 5*g - 8*g + 48 = 0. Let o be ((-176)/6)/4*-24. What is the highest common factor of g and o?
16
Suppose 6217 + 2316 = 53*y. Calculate the highest common factor of y and 23.
23
Let u = -125 - -129. Calculate the greatest common divisor of u and 68.
4
Let n(f) = f**2 - 18*f + 22. Let h be n(15). Let o = 107 + h. What is the greatest common factor of o and 28?
28
Let d = 1720 + -739. Let l be 8/28 + d/21 + 1. Calculate the highest common factor of 120 and l.
24
Suppose 3 = -5*j - 2. Let w = j - -11. Calculate the highest common divisor of 90 and w.
10
Let b(y) be the third derivative of -7*y**4/24 - 7*y**3/2 - 19*y**2. Let s be b(-9). Calculate the greatest common factor of s and 105.
21
Let a(b) = 33*b**2 - 2*b + 4. Let i be a(2). Let m be (-172)/(-14) + 2/(-7). Calculate the greatest common divisor of m and i.
12
Suppose 5*v - 5323 = 3*m, 2*m = -3*v - 0*m + 3209. Let s = -9 - -31. Let u be 4/s - v/(-121). What is the highest common factor of u and 81?
9
Let g(c) = c**2 + 11*c + 6. Let k be g(-11). Calculate the greatest common divisor of k and 15.
3
Let v be -31*((-33)/(-22) - 68/8). Calculate the highest common factor of v and 124.
31
Suppose -76 = 36*u - 292. Let l(w) = w**3 - 4*w**2 + 4*w + 2. Let k be l(4). Calculate the highest common factor of u and k.
6
Let m(f) = f + 56. Let d be m(18). Suppose -2*r = 4*h - d, 5*h + r = 3*r + 70. What is the greatest common divisor of h and 56?
8
Let z = -18 + 53. Let v = -255 + 304. Let l = v - z. What is the highest common factor of l and 2?
2
Let n be (5/(-10))/((-2)/20). Suppose -k - n*p = -73, -2*k + 4*k + 5*p - 166 = 0. Calculate the highest common divisor of 31 and k.
31
Let v(i) = -5*i + 7*i - 3*i - 15 - 2*i. Let j be v(-5). Suppose 0 = -3*m + r, 3*m + 12 = 5*r - j. What is the greatest common divisor of 9 and m?
1
Let i(r) be the first derivative of -r**3/3 + 13*r**2/2 + r - 46. Let k be i(7). What is the greatest common factor of 43 and k?
43
Let j be 130/(-4) + (-8)/16. Suppose -12*q = -9*q - 243. Let c = q + j. What is the highest common factor of c and 72?
24
Let x be -3 - (-12 + 4)*2. Let l = x + 13. What is the highest common divisor of l and 208?
26
Let p be (-7 - 95/(-10))/((-2)/(-12)). What is the highest common divisor of 18 and p?
3
Let h be (-2)/9 + 382/18. Let y = -875 - -878. Calculate the greatest common factor of h and y.
3
Let t = 30 + -20. Let w(g) = -5*g**2 + 13. Let h be w(-4). Let i = -47 - h. What is the greatest common factor of i and t?
10
Suppose 9*p - 77 = 283. Calculate the greatest common divisor of p and 40.
40
Suppose 27 = 5*t + 3*d, 3*t - 1 = 5*d - 3*d. Let r be (-10)/15 + 0 + 56/t. What is the highest common factor of 144 and r?
18
Let q = 345 - 179. Calculate the greatest common factor of q and 1079.
83
Let b be (-4)/(-4*2)*10. Let j be (-1 + b)/(5/220). Suppose -5*r + 2*c + 57 = -25, -5*r + 78 = 2*c. What is the greatest common factor of r and j?
16
Let o be (2 - 0)*-1 + 12/3. Suppose a + 5*c + 6 = 0, 4*c + 24 = 2*a + o*a. What is the highest common factor of a and 20?
4
Let o = 1334 - 992. What is the highest common divisor of 76 and o?
38
Let r be (-24)/10*(-6 + 16). Let c be (0 - (11 + 4))*-4. Let q = c + r. What is the greatest common factor of q and 4?
4
Suppose -h - 93 + 9 = 0. Let k = -52 - h. Calculate the greatest common factor of k and 32.
32
Let k = -1807 + 2227. What is the highest common divisor of k and 126?
42
Suppose 3*f = 4*z + 4, 0 = 4*z - f - 6 + 2. Suppose -6*h + 2*h = -z*a - 80, 16 = 4*a. What is the highest common divisor of 77 and h?
11
Suppose -513*i + 681 = -432*i - 210. Let m = -86 + 130. Calculate the highest common factor of i and m.
11
Suppose -56 = -6*g - 26. Calculate the greatest common divisor of 95 and g.
5
Let m(r) = 3*r - 24. Let h be m(8). Suppose 5*k - 24 - 1 = 0. Suppose 4*o - a = 331, h = -o + k*o + 2*a - 346. Calculate the greatest common factor of o and 12.
12
Let i(r) = 7*r**2 + r + 1. Suppose -3*n = -8*n - 10. Let z be i(n). Suppose 0*v = -3*v + z. Calculate the greatest common divisor of v and 45.
9
Suppose 150 = 1806*p - 1801*p. Calculate the highest common divisor of p and 198.
6
Let d be -3*(-1 - 0) - (-20 - -22). Let h be (-65)/(-4) + 1/(-4). Calculate the greatest common factor of d and h.
1
Suppose 3*s + 2*s = 130. Let i = s - 21. What is the highest common divisor of 5 and i?
5
Let k(w) = w**3 + 3*w**2 - 2*w - 3. Let s be k(-3). Let t(u) = -u**2 - u + 3. Let x be t(s). Let g = 10 + x. What is the greatest common divisor of 7 and g?
1
Let y be (2 - -1) + (-1)/1. Suppose -5*t + y + 3 = 0. Let u be 5 - 3/(6/2). What is the greatest common divisor of t and u?
1
Suppose -y + n + 49 + 32 = 0, -393 = -5*y + 2*n. What is the greatest common divisor of y and 44?
11
Let d(r) = -r**2 - 6*r. Let g be d(-5). Suppose 5*v - 15 = 0, -227 = -5*k - 2*v + 4. What is the highest common factor of k and g?
5
Let z = 1377 + -610. What is the greatest common divisor of z and 